08?
False
Does 20 divide 10514?
False
Does 11 divide 54538?
True
Is 9 a factor of 140?
False
Is 48 a factor of 834?
False
Does 8 divide 464?
True
Is 6346 a multiple of 3?
False
Does 7 divide 706?
False
Does 10 divide 695?
False
Is 5056 a multiple of 64?
True
Is 25 a factor of 822?
False
Is 6 a factor of 348?
True
Does 4 divide 128?
True
Is 11 a factor of 59424?
False
Is 3 a factor of 582?
True
Does 53 divide 904?
False
Is 57476 a multiple of 231?
False
Is 65262 a multiple of 33?
False
Does 17 divide 323?
True
Does 183 divide 16723?
False
Does 5 divide 4953?
False
Is 44 a factor of 2904?
True
Does 107 divide 94802?
True
Is 120 a multiple of 66?
False
Is 127 a factor of 37592?
True
Is 235 a multiple of 5?
True
Is 8 a factor of 8432?
True
Does 96 divide 6048?
True
Is 155 a multiple of 4?
False
Is 13 a factor of 1879?
False
Does 43 divide 457?
False
Is 300 a multiple of 10?
True
Does 43 divide 6321?
True
Is 20160 a multiple of 40?
True
Is 11 a factor of 378?
False
Is 20 a factor of 60?
True
Is 3753 a multiple of 13?
False
Is 10 a factor of 1330?
True
Does 29 divide 2465?
True
Is 25 a factor of 1019?
False
Is 1225 a multiple of 27?
False
Is 247 a multiple of 4?
False
Is 3864 a multiple of 68?
False
Is 4715 a multiple of 9?
False
Is 75476 a multiple of 150?
False
Is 17654 a multiple of 85?
False
Does 14 divide 974?
False
Does 183 divide 16287?
True
Does 99 divide 123651?
True
Does 41 divide 12669?
True
Is 39131 a multiple of 109?
True
Does 15 divide 47580?
True
Is 35991 a multiple of 93?
True
Does 56 divide 1044?
False
Is 59789 a multiple of 8?
False
Is 77808 a multiple of 16?
True
Is 1408 a multiple of 8?
True
Is 4032 a multiple of 64?
True
Is 40 a factor of 17552?
False
Does 44 divide 6374?
False
Is 13 a factor of 838?
False
Does 18 divide 47944?
False
Is 18203 a multiple of 16?
False
Is 2770 a multiple of 19?
False
Is 43 a factor of 7310?
True
Is 449 a multiple of 8?
False
Is 67 a factor of 35333?
False
Is 370 a multiple of 29?
False
Does 31 divide 5370?
False
Is 42 a multiple of 7?
True
Does 37 divide 32264?
True
Is 8 a factor of 48?
True
Is 165 a factor of 17700?
False
Does 12 divide 59596?
False
Is 3 a factor of 7179?
True
Is 5625 a multiple of 5?
True
Is 399 a multiple of 21?
True
Is 3410 a multiple of 55?
True
Is 31568 a multiple of 63?
False
Does 98 divide 294?
True
Is 152391 a multiple of 237?
True
Is 4 a factor of 424?
True
Does 19 divide 24227?
False
Does 13 divide 1345?
False
Is 12 a factor of 1716?
True
Does 21 divide 1476?
False
Is 19 a factor of 475?
True
Does 159 divide 7885?
False
Is 85952 a multiple of 136?
True
Is 65 a factor of 2890?
False
Is 8340 a multiple of 30?
True
Is 3364 a multiple of 29?
True
Does 56 divide 8176?
True
Does 8 divide 7215?
False
Is 2 a factor of 16169?
False
Is 301 a multiple of 3?
False
Is 19 a factor of 3461?
False
Is 194 a factor of 17658?
False
Does 228 divide 33718?
False
Is 67473 a multiple of 189?
True
Is 324 a multiple of 3?
True
Is 18 a factor of 5130?
True
Does 11 divide 1771?
True
Is 779 a multiple of 19?
True
Does 9 divide 504?
True
Is 125 a multiple of 4?
False
Does 46 divide 296?
False
Is 15069 a multiple of 135?
False
Is 3 a factor of 922?
False
Is 7980 a multiple of 38?
True
Is 450 a multiple of 90?
True
Does 8 divide 2263?
False
Is 1528 a multiple of 2?
True
Is 20 a factor of 1783?
False
Is 8 a factor of 2913?
False
Is 26 a factor of 11752?
True
Does 12 divide 4818?
False
Does 9 divide 6528?
False
Is 108 a factor of 17928?
True
Does 29 divide 8381?
True
Does 9 divide 102789?
True
Is 1100 a multiple of 22?
True
Is 255 a multiple of 62?
False
Is 38 a factor of 874?
True
Is 43071 a multiple of 14?
False
Is 2479 a multiple of 67?
True
Is 68 a factor of 726?
False
Is 22015 a multiple of 13?
False
Does 41 divide 4945?
False
Is 24 a factor of 31056?
True
Is 19584 a multiple of 72?
True
Does 34 divide 4590?
True
Does 14 divide 2233?
False
Is 315 a multiple of 45?
True
Does 145 divide 17400?
True
Is 77041 a multiple of 497?
False
Is 19 a factor of 574?
False
Is 9686 a multiple of 19?
False
Is 14 a factor of 63789?
False
Does 22 divide 11417?
False
Does 5 divide 63?
False
Is 5848 a multiple of 68?
True
Does 6 divide 574?
False
Is 28 a factor of 308?
True
Does 4 divide 4634?
False
Is 1119 a multiple of 3?
True
Does 11 divide 2437?
False
Is 8773 a multiple of 31?
True
Is 81041 a multiple of 24?
False
Does 9 divide 270?
True
Is 8875 a multiple of 30?
False
Is 12 a factor of 22846?
False
Does 153 divide 40895?
False
Is 17 a factor of 40120?
True
Is 845 a multiple of 169?
True
Does 31 divide 201?
False
Is 18 a factor of 15639?
False
Does 37 divide 32410?
False
Does 34 divide 29516?
False
Is 34 a factor of 12036?
True
Does 16 divide 1344?
True
Does 3 divide 23?
False
Is 1106 even?
True
Is 370 a multiple of 6?
False
Does 180 divide 45000?
True
Is 109 a factor of 2071?
True
Is 38 a factor of 70094?
False
Is 61 a multiple of 23?
False
Is 4815 a multiple of 9?
True
Is 87235 a multiple of 73?
True
Is 1708 a multiple of 28?
True
Does 21 divide 67431?
True
Is 44 a factor of 7497?
False
Is 234 a multiple of 9?
True
Is 845 a multiple of 65?
True
Is 13 a factor of 20163?
True
Is 6175 a multiple of 6?
False
Is 23 a factor of 2451?
False
Is 4149 a multiple of 71?
False
Does 14 divide 11774?
True
Does 5 divide 65?
True
Is 124 a factor of 96980?
False
Is 287 a multiple of 7?
True
Does 15 divide 3255?
True
Does 14 divide 12712?
True
Does 17 divide 15810?
True
Is 87 a factor of 31094?
False
Is 12045 a multiple of 32?
False
Does 22 divide 506?
True
Is 33 a factor of 726?
True
Is 891 a multiple of 16?
False
Is 22582 a multiple of 66?
False
Is 12255 a multiple of 57?
True
Does 19 divide 348?
False
Is 43 a factor of 688?
True
Is 1325 a multiple of 25?
True
Does 10 divide 2667?
False
Does 14 divide 2168?
False
Is 1392 a multiple of 16?
True
Does 29 divide 50877?
False
Is 46 a factor of 8832?
True
Is 20 a factor of 36118?
False
Is 32 a factor of 23465?
False
Does 43 divide 344?
True
Does 144 divide 4176?
True
Is 10164 a multiple of 154?
True
Is 4 a factor of 88?
True
Is 48 a factor of 7440?
True
Is 96681 a multiple of 14?
False
Is 9 a factor of 1845?
True
Is 49 a factor of 392?
True
Does 39 divide 12051?
True
Is 34 a factor of 8806?
True
Is 52 a factor of 701?
False
Is 52 a multiple of 30?
False
Is 3 a factor of 631?
False
Does 37 divide 13534?
False
Does 12 divide 3348?
True
Does 8 divide 92248?
True
Does 28 divide 28?
True
Is 15637 a multiple of 19?
True
Is 53 a factor of 10366?
False
Is 33 a factor of 324?
False
Does 81 divide 6237?
True
Does 17 divide 1649?
True
Does 17 divide 3111?
True
Is 50411 a multiple of 74?
False
Is 1768 a multiple of 17?
True
Is 3127 a multiple of 42?
False
Is 3 a factor of 119?
False
Is 19190 a multiple of 26?
False
Does 4 divide 1248?
True
Is 690 a multiple of 5?
True
Is 5 a factor of 115?
True
Does 27 divide 15525?
True
Is 14592 a multiple of 76?
True
Does 82 divide 11398?
True
Does 70 divide 3990?
True
Is 6264 a multiple of 72?
True
Is 10 a factor of 700?
True
Does 2 divide 501?
False
Is 13 a factor of 13988?
True
Is 122 a factor of 4514?
True
Does 6 divide 972?
True
Does 28 divide 9940?
True
Is 1840 a multiple of 39?
False
Is 1281 a multiple of 5?
False
Is 660 a multiple of 30?
True
Is 70 a factor of 12180?
True
Does 20 divide 160?
True
Does 10 divide 301?
False
Is 3 a factor of 11881?
False
Does 7 divide 1876?
True
Is 956 a multiple of 10?
False
Does 116 divide 4640?
True
Does 103 divide 18499?
False
Is 3131 a multiple of 8?
False
Does 15 divide 2355?
True
Is 1824 a multiple of 32?
True
Does 62 divide 806?
True
Does 98 divide 4911?
False
Does 11 divide 6214?
False
Does 27 divide 2268?
True
Is 133 a factor of 2394?
True
Does 21 divide 294?
True
Does 5 divide 1128?
False
Is 88 a factor of 3080?
True
Is 2947 a multiple of 132?
False
Is 532 a multiple of 28?
True
Does 7 divide 203?
True
Is 17 a factor of 35546?
False
Is 686 a multiple of 14?
True
Is 108 a factor of 4271?
False
Is 6 a factor of 732?
True
Is 23520 a multiple of 7?
True
Does 4 divide 438?
False
Does 9 divide 20620?
False
Is 59 a factor of 472?
True
Is 12 a factor of 348?
True
Does 14 divide 7112?
True
Is 9472 a multiple of 74?
True
Is 10 a factor of 19334?
False
Is 84 a factor of 83390?
False
Is 611 a multiple of 100?
False
Is 